5*r - 42 = 0. Let h = -11 + 10. Let t be 2932/60 - 2/15*h. What is the greatest common factor of r and t?
7
Let q be (-20)/2 + 3 + 19. Let v = 18 + q. What is the greatest common divisor of 735 and v?
15
Let c(v) = -20*v + 3230. Let k be c(152). What is the greatest common factor of k and 285?
95
Let t(b) = 1. Let x(y) = -18*y + 51. Let z(i) = -18*t(i) - x(i). Let p be z(6). Calculate the highest common factor of p and 9.
3
Suppose 0 = 5*t + 4*t - 432. Suppose 0 = 13*r + 17 - 95. What is the greatest common divisor of r and t?
6
Suppose 24*n - 6045 + 661 = 1744. What is the greatest common factor of n and 22?
11
Let z(f) = 37*f + 589. Let p be z(-5). What is the greatest common divisor of 4 and p?
4
Let o = 3603 - 2899. Calculate the highest common factor of o and 200.
8
Let i(y) = 2*y**3 + 16*y**2 - 5*y + 14. Let u be i(-5). Suppose 0 = -x + 27 + 15. What is the highest common factor of u and x?
21
Suppose -3*z - 4*o + 2990 + 2130 = 0, z + 4*o - 1704 = 0. Suppose 0 = -55*h + 51*h + z. What is the greatest common factor of h and 14?
7
Let f = 280 - 612. Let k be 4 - f/8 - (-6)/4. Calculate the highest common factor of 47 and k.
47
Suppose -236*o + 1095 = 4*n - 237*o, 3*n - 3*o - 828 = 0. Calculate the greatest common factor of n and 143.
13
Let y = -4433 + 4678. Calculate the greatest common divisor of y and 140.
35
Let g(r) = 8*r**3 + r**2 - 5*r + 4. Let u be g(1). What is the greatest common divisor of u and 1992?
8
Suppose -9*f = -5*i - 4*f + 415, -2*f + 422 = 5*i. Suppose i = -19*x + 711. Calculate the highest common factor of x and 33.
33
Let m(r) = 20*r**2 - 6*r - 40. Let j be m(6). Suppose -4*n + v = -518, 0*n = -5*n + 3*v + j. Calculate the greatest common divisor of 52 and n.
26
Suppose 0 = -6*k - 757 + 781. Calculate the greatest common factor of 61 and k.
1
Let k = 1248 - 692. Calculate the greatest common factor of 4 and k.
4
Let l(h) = -67*h - 2115. Let v be l(-32). What is the highest common factor of v and 8932?
29
Let r = -3318 + 3470. What is the greatest common divisor of r and 64?
8
Let y(k) = -116*k - 163. Let j be y(-6). Let z = 581 - j. Calculate the greatest common divisor of 80 and z.
16
Let q(g) = -4*g**2 + 101*g - 589. Let r be q(11). Calculate the highest common divisor of r and 162.
2
Let w = 2024 - -1210. Calculate the greatest common divisor of w and 66.
66
Let i = -36 + 46. Let w = -13 + i. Let g = 25 + w. Calculate the greatest common factor of 55 and g.
11
Let n = 26874 + -26715. Calculate the greatest common divisor of n and 13621.
53
Suppose 5*d + 7980 = 4*f, -3*d + 12 + 0 = 0. Calculate the highest common factor of 50 and f.
50
Let m(i) = -39*i - 734. Let n be m(-19). Calculate the greatest common factor of 10402 and n.
7
Let m be (-64 - -68)/(8/88*(-1 + 5)). Calculate the highest common divisor of 3443 and m.
11
Suppose 6*o - 4*o = -4*o. Suppose -1142 = -12*j + 8*j + c, o = 4*j - 5*c - 1150. What is the highest common factor of 15 and j?
15
Suppose 57 = f + 5*c, -2*f - 5*c = -10*c - 114. Suppose s = -p + 2328 - 2100, -2*s + 456 = -2*p. What is the greatest common divisor of s and f?
57
Suppose -2*x + 17 = 5*q, 5*x + 7 = 27*q - 23*q. Suppose -5*w + q*j = -1526, -4*w = -8*w + 4*j + 1224. What is the greatest common factor of 48 and w?
16
Suppose -5*n - 53 - 1367 = 0. Let z = n - -306. Calculate the greatest common factor of z and 143.
11
Let t be (123/3 - 1)/((-1)/5). Let m = t + 222. What is the greatest common divisor of 22 and m?
22
Let m be 2 + -1 + 20/5. Suppose 3*p - 235 = 2*u, 2*p - 160 = m*u - 2*u. Calculate the highest common factor of 44 and p.
11
Let i = -6625 - -6695. What is the highest common divisor of i and 126?
14
Let j = 605 + -603. Let h be (2/(-5))/(j - (-1206)/(-600)). What is the greatest common divisor of 620 and h?
20
Suppose -5*n = 2*c - 76817, -3*n - c = 5793 - 51884. What is the highest common divisor of n and 70?
35
Let a(x) = 3*x**3 - 3*x**2 + 3. Let t be a(-3). Let v be ((-21)/2)/((t/28)/15). Calculate the greatest common divisor of v and 56.
14
Let k(a) = 38*a + 185. Let f be k(-4). Suppose 28*n + 190 = f*n. What is the greatest common factor of n and 190?
38
Suppose -10*t + 2*t - t + 2520 = 0. Calculate the greatest common factor of 1370 and t.
10
Let z(l) = -144*l - 64. Let y be z(-1). What is the greatest common divisor of y and 430?
10
Let x = 1371 - 1290. Suppose -2 = -r - 110. Let p be (r/(-10))/((-12)/(-60)). What is the greatest common factor of p and x?
27
Let q = 154 + -146. Suppose 0 = r + 3*b - 654, -q*b = -r - 4*b + 682. What is the greatest common factor of 74 and r?
74
Suppose -c - 125 = k + 2*k, 5*k - c + 219 = 0. Let q = 78 + k. Let j = q - 2. Calculate the greatest common factor of 11 and j.
11
Let q be 2/((-372)/(-183) + -2). Suppose -662 + 623 = z. Let k = z + q. Calculate the highest common factor of 2 and k.
2
Let w(m) = m**2 + 18*m + 35. Let d = -306 - -504. Suppose d = 11*j - 20*j. Let r be w(j). What is the greatest common divisor of r and 41?
41
Let j(d) = -2*d**3 - d**2 - 10*d - 2. Let t be j(7). Let h = 1600 + t. What is the greatest common divisor of h and 13?
13
Suppose 3*b - 4*y = 247, 5*b - 393 = y + 30. Suppose 0 = -f + 2*x + 13, -f = x - 1 - 18. What is the highest common factor of f and b?
17
Suppose -12553 = -4*k + 25*d - 26*d, k = 3*d + 3148. Calculate the greatest common divisor of k and 129.
43
Let x(w) = 194*w**2 - 27*w + 28. Let l be x(-3). Calculate the greatest common divisor of l and 560.
35
Let q be (434/(-10))/(251/(-3765)). What is the highest common factor of q and 1344?
21
Let x(q) = -2*q**2 - 88*q - 331. Let v be x(-38). What is the highest common divisor of 8 and v?
1
Suppose -17*o = -5*o - 24. Suppose -56 = -3*s + o*s. What is the greatest common divisor of 40 and s?
8
Let w be ((-6)/33 + (-584)/(-66))*4302/478. Suppose p + k - 21 = 27, 3*p = -4*k + 140. Calculate the highest common divisor of w and p.
26
Let j(g) = 148*g**2 - 7*g + 6. Let c be j(1). Let f = 180 - c. Calculate the greatest common factor of 121 and f.
11
Let x = 226 - 159. Suppose 10*c - 63 - x = 0. What is the greatest common factor of c and 65?
13
Suppose -1275 = -3*w - z, 3783 = 10*w - w - 4*z. What is the greatest common divisor of w and 2914?
47
Suppose 353*k - 352*k = 313. Suppose -p + 32*l + k = 29*l, 4*l - 306 = -p. What is the greatest common factor of p and 20?
10
Suppose -3 = 11*y + 228. Suppose 3*w = -3*i - 57, -4*i - 76 = -0*i + w. Let s = i - y. Calculate the highest common divisor of 18 and s.
2
Let t(a) = -2*a**2 - 44*a + 104. Let d(x) = 3*x**2 + 87*x - 208. Let m(o) = 3*d(o) + 5*t(o). Let p be m(33). Calculate the highest common factor of p and 10.
10
Let y = -19550 - -19604. Calculate the highest common factor of 4383 and y.
9
Let g be (-360)/(-108)*(-528)/(-20). Let x = 26 - 15. Calculate the greatest common factor of g and x.
11
Suppose 14*b - 9*b - 400 = 0. Let f = -229 + 339. Let v = 130 - f. What is the greatest common factor of v and b?
20
Suppose 86 = 4*l + 66. Suppose l*h - 2*t = 444, -78 = -h - 6*t + 10*t. Calculate the greatest common divisor of h and 18.
18
Suppose -2*u - 2*u = -44. Suppose 4*p + 24 = 4*n - 36, 0 = n + p - u. What is the highest common divisor of 416 and n?
13
Suppose 0 = o - 0*o + 11. Let k = 13 + o. Let b be ((-2)/(0 - k) - -153) + 0. Calculate the highest common divisor of b and 14.
14
Let i(c) = -7*c - 13. Let z be i(-7). Suppose -2*l + 23 + 37 = -4*q, 5*q = 3*l - 88. Suppose 73 + l = 11*x. What is the greatest common factor of x and z?
9
Suppose 3*t = d, -d - 4*t = -6*t. Suppose 2*f + 19*f - 210 = d. What is the greatest common divisor of 230 and f?
10
Let q(s) = s**2 - 15*s + 13. Let i be q(14). Let u be (-3)/(-15)*5 + i. Suppose l = 19 - u. Calculate the greatest common divisor of 152 and l.
19
Let a(p) = p**3 - 14*p**2 + 46*p + 8. Let r be a(4). Calculate the greatest common factor of r and 44.
4
Suppose -130*i + 125*i = -800. What is the highest common factor of 24 and i?
8
Let a(p) = -1 - 2 + 14*p**3 + 14*p**3 - 6*p**2 + 25*p - 40*p + 23*p. Let g be a(1). What is the greatest common factor of 27 and g?
27
Let d(u) = -271*u - 1557. Let b be d(-7). Calculate the greatest common factor of 612 and b.
68
Suppose -4*c = 3*p - 92026, 11*p - 13*p - 2*c = -61350. Calculate the greatest common divisor of 49 and 